are the prime factors of g?
7
Let a(p) = 4*p - 16. Suppose -3*v + 34 - 124 = 0. Let t = v - -38. What are the prime factors of a(t)?
2
Let u(x) be the third derivative of x**6/20 - x**5/20 + x**4/12 + x**3/3 + 5*x**2. Let k = -28 - -30. List the prime factors of u(k).
2, 3, 7
Let r(o) = o**3 + 36*o**2 - 15*o - 187. What are the prime factors of r(-36)?
353
Let f(c) = -2*c**2 + 5*c + 7. Let d be f(-7). Let j = d - -178. List the prime factors of j.
2, 13
Suppose 0 = 4*t - 6*t - 6. Let o be ((-25)/15)/(1/t). Suppose -o*q - 6 = -376. What are the prime factors of q?
2, 37
Let w be -7 - -6 - (-1 - 0). Suppose 0*n - 66 = -t + 2*n, -5*n = w. Suppose 8 - t = -2*m. What are the prime factors of m?
29
Let k be (-96)/(-7) - 2/(-7). List the prime factors of (440/k)/(4/14).
2, 5, 11
Let w = 16 - 13. Suppose l + w*l = 560. What are the prime factors of l?
2, 5, 7
Let t(j) = 40*j - 90. List the prime factors of t(16).
2, 5, 11
Let t be -4*(12/8 + -1). Let j = t + 74. Suppose -2*r = -2*z + j, -3*z + 78 = 2*r - 55. What are the prime factors of z?
41
Let d = -40 + 12. Let h be d/(-6) + (-8)/(-24). Suppose -h*r = -15 - 15. List the prime factors of r.
2, 3
Let v be (-20)/50 - 14/(-10). List the prime factors of 34*v/(-4)*-10.
5, 17
Suppose v + 4*f = 5, 0 = 3*v - 5*f + 50 + 3. Let w = 42 + v. What are the prime factors of 0/7 + (w - 0)?
31
Suppose -u + 8*u - 2464 = 0. List the prime factors of u.
2, 11
Let o = -25 - -28. Suppose 6*k - 27 = -o. Suppose 102 = -k*g + 342. List the prime factors of g.
2, 3, 5
Suppose 3*o - 12 = o. Let z = o + -2. List the prime factors of 2 + 12 + (-4)/z.
13
Let q(r) = -14*r - 16. Let z be q(6). Let y = -48 - z. What are the prime factors of y?
2, 13
Let r(d) = -66*d - 575. List the prime factors of r(-21).
811
Let r = 4 - 6. Let a(s) = -2 + 2*s + 0 - 5*s. List the prime factors of a(r).
2
Let i = -248 + -97. Let o = 580 + i. List the prime factors of o.
5, 47
Let o(c) = -7*c**2 - 56*c - 8. What are the prime factors of o(-7)?
41
Let g(n) = -2*n**2 - 7*n - 19. Let w(v) = 2*v**2 + 6*v + 19. Let u(o) = -6*g(o) - 5*w(o). What are the prime factors of u(-10)?
3, 11
Let m(x) = -75*x - 1. Let w be m(-2). Let h = w - 80. What are the prime factors of h?
3, 23
Suppose 5 = 5*a - 3*u - 2, 2*u = 2. Suppose -n + 3*n + 2*r - 106 = 0, 90 = 2*n - a*r. What are the prime factors of n?
7
Let m = 451 - 254. List the prime factors of m.
197
Suppose 25 = -5*v - 5*j, -3*v = -8*v + 2*j - 4. Let l = 2 + v. Suppose -n - z - 2*z = -45, -2*n - 4*z + 82 = l. What are the prime factors of n?
3, 11
Let b be 0 + 4 + 4/(-2). Suppose 0 = b*q + 10, 0 = 2*n - 3*q + 2*q - 117. What are the prime factors of n?
2, 7
Let v(u) = u**3 - 6*u**2 - 10*u + 11. Let p be v(7). What are the prime factors of (p/14)/5 + (-2816)/(-14)?
3, 67
Let g be (5 + -2)/(3/5). Suppose -g*o - 5*y = -o + 63, -4*y - 12 = 0. What are the prime factors of o/((3 - 1)/(-2))?
2, 3
Suppose -13*u + 14*u = 53. What are the prime factors of u?
53
Suppose 1 = -4*g + 3*g. What are the prime factors of (g + -9)*9/(-2)?
3, 5
Suppose 0 = -5*j + 2*d - 0*d + 375, 410 = 5*j + 5*d. List the prime factors of j.
7, 11
Let d be (21/63)/(2/18). Suppose d*c - 151 = -31. List the prime factors of c.
2, 5
Suppose -4*w = -5*p + 11262, -10*p - 3*w - 9009 = -14*p. List the prime factors of p.
2, 3, 5
Suppose 21*w - 25568 = -1838. List the prime factors of w.
2, 5, 113
Let m = -110 + 90. List the prime factors of (3 - m/(-8))*50.
5
Let h(t) be the third derivative of 0*t**4 + 0 + 0*t + 0*t**3 + 3/4*t**5 + 9*t**2. What are the prime factors of h(-1)?
3, 5
Suppose -2 = 4*f - 22. Let l = -12 - -22. Suppose -f*a + l*a = 145. List the prime factors of a.
29
Suppose 6*f = 10046 - 3200. List the prime factors of f.
7, 163
List the prime factors of ((-28)/6 - -2)/((-19)/3591).
2, 3, 7
Suppose -2*b - 4 = -14. Let v = b - -3. List the prime factors of v.
2
List the prime factors of (-132510)/(-125) - 3 - (-10)/(-125).
7, 151
Suppose -31*a = -12*a - 10127. List the prime factors of a.
13, 41
Let g(o) = 14*o**2 - 2*o + 15. List the prime factors of g(5).
5, 71
Let d(l) = l**2 - 23*l - 7. List the prime factors of d(38).
563
Suppose -224 = -7*r + 6*r. Suppose -5*l + 231 = -r. List the prime factors of l.
7, 13
Let d be (-3)/(-2)*(-1 - -3). Suppose n = 2*h + 7, 2*n - 3 = d. List the prime factors of ((-18)/15)/(h/5).
3
Suppose -2*h = 2 + 18. Let d be 42/(-5) - (-6)/h. List the prime factors of (-393)/d - 2/3.
43
Let l = -6 + 9. Suppose -5*p - w - 42 = -2*p, l*w + 66 = -5*p. Let v = -2 - p. List the prime factors of v.
13
Let r = 370 - 163. Let x = r - 146. List the prime factors of x.
61
Suppose -3*c - 76 = -4*x + 3*x, 5*c = -5*x - 120. Let a(v) = -4*v - 6. What are the prime factors of a(c)?
2, 47
Let l(n) = -n**3 - n + 94. Let a be l(0). Suppose -y = y - a. List the prime factors of y.
47
Suppose -246 = 5*u - 3*u. Let t = -88 - u. List the prime factors of t.
5, 7
Suppose -7*w = 6*w - 44369. What are the prime factors of w?
3413
Suppose 1 + 3 = 2*h. Suppose 2*p = 5*b - h*p, -3*b + 2*p + 2 = 0. Suppose -45 - 15 = -b*j. List the prime factors of j.
3, 5
Let n(o) = -o**3 + 12*o**2 - 14*o + 4. Let q be n(4). Suppose -q = -y - s, -y - 226 = -4*y - s. What are the prime factors of y?
3, 5
List the prime factors of (-352152)/1407*((-1 - -1) + -7).
2, 3, 73
Let r = 17 - 12. Suppose v = 3*c - 247, -r*c = -3*v - 214 - 195. What are the prime factors of c?
83
Suppose -b - 1112 = 2*u, 1419 = -3*b - 3*u - 1920. List the prime factors of 13/(-52) + (b/(-8) - 2).
137
Let g be 24/4 + (-2 - -5). Let a be g + 1 - 1*2. Suppose -a*k + 3*k + 7 = j, k + 70 = 4*j. What are the prime factors of j?
17
Let n = 20 - 15. Suppose -2*t + 3*f + 11 = -t, 0 = n*t + 4*f - 17. Suppose a = t*a - 76. List the prime factors of a.
19
Let d(y) = 7*y**2 + 6*y + 9. Let j be d(-7). Suppose 5*w = -5*l + j, -4*l + 5*w = -312 + 46. List the prime factors of l.
2
Let w = -1555 + 2555. List the prime factors of w.
2, 5
Let g(j) = 2*j**2 + 4*j + 6. Let d = -7 + -15. Let t = d - -17. List the prime factors of g(t).
2, 3
Let a = 8 + -15. Let w be a/(-3) + (-13)/39. Let l = 6 + w. What are the prime factors of l?
2
Suppose -x + 3 = -16. Let b = x + -19. Let f = b + 34. List the prime factors of f.
2, 17
Let j(n) be the first derivative of n**4/12 + 2*n**2 + n - 9. Let k(h) be the first derivative of j(h). List the prime factors of k(-5).
29
Suppose 0 = -w - u + 1496, 0 = w - u - 1266 - 228. What are the prime factors of w?
5, 13, 23
Suppose -l = -14 - 49. Suppose 8*f = f + l. What are the prime factors of (-1048)/(-18) - 2/f?
2, 29
Let p = -17 - -22. Suppose 5*v - 42 = -2*o, 0 = p*v + 3*o - 31 - 12. Suppose -3*z - 2*b + v = -16, z = -b + 9. List the prime factors of z.
2, 3
List the prime factors of 99585/35 - (-10)/(-35).
5, 569
Let z = 371 - 214. What are the prime factors of z?
157
List the prime factors of ((-4)/(-10))/(-4 + (-23848)/(-5960)).
2, 149
Suppose -11*x = -38*x + 128601. What are the prime factors of x?
11, 433
What are the prime factors of (-558)/(-4)*100/150?
3, 31
What are the prime factors of ((12/(-3))/(-12))/((-3)/(-144))?
2
Let n = 52 - 52. Suppose 2*i = p + 2*p - 647, n = 5*p - i - 1069. What are the prime factors of p?
3, 71
Let n(y) = 644*y**3 + 4*y**2 - 2*y - 2. List the prime factors of n(2).
2, 29, 89
Let z(c) = c**2 - 43*c + 64. List the prime factors of z(-25).
2, 3, 7
Let q(b) = -37*b + 315. List the prime factors of q(7).
2, 7
Let v = -4 - -30. Let g = -23 + v. What are the prime factors of (-3)/(g/(-55)) - -3?
2, 29
Let o be (20/(-16))/((-2)/8). Let p(u) = -1 - 2*u**3 - 4*u**3 + 8*u**2 - u**3 + 8*u**3 - o*u. List the prime factors of p(-8).
3, 13
Let j(z) = 13*z**3 - 3 - 31*z**3 + 16*z**3 - 2*z. Let s(w) = w**3 + 2*w + 2. Let b(p) = -5*j(p) - 6*s(p). List the prime factors of b(2).
31
Let v = 2750 + -1027. List the prime factors of v.
1723
Let k(y) = -52*y + 344. What are the prime factors of k(-17)?
2, 307
What are the prime factors of (-2)/2*(148/(-1) + 0)?
2, 37
Suppose -49346 = 36*d - 58*d. What are the prime factors of d?
2243
Let i(z) = z**3 - 6*z**2 + 9*z. Let r be i(7). What are the prime factors of 3 + 1 - (-5 - r)?
11
Let l be 34/(-6)*(-4 + 1). Let n(s) = -10*s**3 - 2*s**2 - 4*s - 3. Let w be n(-1). Let u = l - w. List the prime factors 